 Let u be 4/a - (-1 - -2). Calculate the remainder when u + (35 - -3*(-8)/(-12)) is divided by 11.
5
Let h = -11393 + 11454. Calculate the remainder when 1644 is divided by h.
58
Let a(j) = 3*j**2 - 126*j + 1839. Calculate the remainder when a(30) is divided by 62.
15
Let n(i) = i + 149. Let f(r) = -r**2 - 7*r + 24. Let y be f(2). What is the remainder when n(y) is divided by 83?
72
Let l = -17559 + 17584. What is the remainder when 273 is divided by l?
23
Suppose -i - 4*q = -20, -3*i - q - q = -10. Suppose -5*s = -15, i*y = 4*y - s - 25. Let k = 995 + -907. Calculate the remainder when k is divided by y.
4
Let u = -83 - -130. Suppose -11*f - 184 = -12*f. Calculate the remainder when f is divided by u.
43
Suppose 0 = f + 34*v - 30*v - 91, f - 121 = v. What is the remainder when f is divided by 8?
3
Suppose 0 = -3*n - 15, -5*h = 3*n - 622 - 823. Let v = h - 259. Calculate the remainder when 62 is divided by v.
29
Suppose 66*j - 1504 + 22 = 960. Calculate the remainder when 130 is divided by j.
19
Let t = -7123 - -7684. What is the remainder when t is divided by 189?
183
Suppose 12*i + 37 = 1. Let s(d) = -d**3 - d**2 + 3*d + 4. What is the remainder when 46 is divided by s(i)?
7
Let n = 2269 + -2184. What is the remainder when 329 is divided by n?
74
Let a = 25 - 22. Suppose a*m - 23 = -8, x = -5*m + 40. Suppose 2*d - 19 = -5*p, -4*d - 7 - x = -2*p. Calculate the remainder when 14 is divided by p.
4
Suppose 2*u - 84 = 3*y, -3*u - 2*y = -3*y - 112. Suppose 35*c - u*c + 16 = 0. What is the remainder when 143 is divided by c?
15
Calculate the remainder when 303 is divided by -2*(11/33 + 875/(-42)).
16
Let u(q) = 127*q + 235. Let j be u(3). Let f = -108 - -374. Suppose 0 = 6*p - j - f. Calculate the remainder when p is divided by 37.
36
Let u = -120 - -85. Let i = 110 + u. What is the remainder when i is divided by 38?
37
Let f = 14093 - 14064. Calculate the remainder when -1 + -1 + 606 - -3 is divided by f.
27
Calculate the remainder when (2*98/(-5) - -2)*580/(-174) is divided by 59.
6
Suppose 152328 = 4*y - 5*l, 298*y = 296*y - l + 76136. Calculate the remainder when y is divided by 343.
342
Let h(c) = 17*c - 59. Let x(m) = 51*m - 179. Let i(a) = 7*h(a) - 2*x(a). Let d be i(9). Let z = d + -64. What is the remainder when z is divided by 11?
1
Let f(a) = a + 49. Let r be f(-13). Suppose -12*c + r + 0 = 0. Suppose -l - 6 = -3*x, c*l - 5*x = -x + 7. Calculate the remainder when 17 is divided by l.
8
Let w be 1298/10 + 4/20. Let y = -20 + -28. Let o = y + w. What is the remainder when o is divided by 17?
14
Let j be (-4 - -2)/(-3*2/12). What is the remainder when 37 is divided by (j/6)/((-9)/(351/(-2)))?
11
Let g(i) = 5*i + 102. Let x be g(-19). Let p(k) = -k**3 + 14*k**2 - 29*k - 15. Calculate the remainder when p(x) is divided by 18.
17
Suppose f = 2*s + 3791, -15*f + 13*f + 7542 = s. Calculate the remainder when f is divided by 1249.
28
Suppose -1246*s + 3*j = -1250*s + 7360, -5*s + j = -9181. Calculate the remainder when s is divided by 30.
7
Suppose 6*b + b = 84. Suppose 766 = -10*z + b*z. What is the remainder when z is divided by 48?
47
Suppose -28 = 4*u, -52*b + 61*b = 3*u + 1542. What is the remainder when 8953 is divided by b?
165
Suppose 0 = -5*z - 5*k - 158 - 42, 2*k = 6. Suppose 58 = 4*c + 198. Let r = c - z. What is the remainder when r is divided by 3?
2
Let o = 12126 + -10385. Calculate the remainder when o is divided by 21.
19
Let h be 120*(7 + (-76)/12). Suppose 0 = -4*p + s + h, -15*p - 103 = -20*p + 2*s. What is the remainder when p is divided by 2?
1
What is the remainder when (164 + -168)/(1/(-68)) is divided by 11?
8
Suppose -746 = -4*p + 86. Suppose 2*n - p = -4*d, -4*d - 2*n + 3*n + 214 = 0. What is the remainder when d is divided by (-3 - (-39)/15)*-45?
17
Let b(q) = 50*q**2 - 3*q + 1. Let p(a) = -a**2 + 74*a - 582. Calculate the remainder when b(-3) is divided by p(10).
54
Suppose 62 = 4*s - 118. Let r be 11768/(-104) + (s/39 - 1). Let h = 191 + r. Calculate the remainder when h is divided by 21.
15
Suppose 61 = -7*w + 1314. Let s be 2/((-12)/51)*-14. Let t = -83 + s. Calculate the remainder when w is divided by t.
35
Suppose 9*s - 29*s + 100 = 0. Suppose -s*x + 37*q - 38*q = -175, -9 = -x + 5*q. Let y = -7 + 11. Calculate the remainder when x is divided by y.
2
Let j be (2 - (-22)/(-8)) + (-268)/(-16). Let x(d) = -3*d**2 + 52*d - 25. Calculate the remainder when 77 is divided by x(j).
38
Suppose -2*m - 27 = -3*m + 62. What is the remainder when m is divided by 15?
14
Let f(a) = -a**2 + 5*a - 1. Let k = 285 + -278. Suppose -3*s - k = -73. Calculate the remainder when s is divided by f(2).
2
Let j be 12/(-14)*(7 + (-315)/27). Let v = -122 + 209. What is the remainder when v is divided by (j + (-27)/6)*-52 - 4?
21
Calculate the remainder when 998 is divided by (-8)/(-7)*819/18.
10
Let a(q) = q - 3. Let b(g) = 38*g - 215. Let y(p) = 2*a(p) - b(p). What is the remainder when 345 is divided by y(5)?
26
Let s(m) = m**3 - 55*m**2 + 467*m + 891. Suppose -3*k - 38 = 46. Let h = k - -57. Calculate the remainder when s(44) is divided by h.
27
Calculate the remainder when 86 is divided by (250/75)/(25/45*12/10).
1
Let m(r) = 12 - 18 - 3 - 21 - 8 - 18*r. What is the remainder when 27 is divided by m(-3)?
11
Suppose 0 = 6*g - 517 + 427. Calculate the remainder when 159 is divided by g.
9
Suppose l = 3*y - 1596, 5 - 2 = l. Calculate the remainder when y is divided by 223.
87
Suppose -3*q - 5*m = -302 + 42, -5*m = 5*q - 420. Calculate the remainder when 552 is divided by q.
72
Let w = 224 + -226. What is the remainder when 171 is divided by w - (-5 - -5) - -60?
55
Let x be 37668/22 - (-134)/(-737). Suppose 46*b = x + 1370. Let f(p) = -10*p + 4. Calculate the remainder when b is divided by f(-3).
33
Let h = 18 + 0. Let r(y) = -y + 3. Let v be r(0). Suppose 34 = v*g + 4*m, -m + 15 - 54 = -4*g. What is the remainder when h is divided by g?
8
Suppose -3*l - 62 = -g, -86*g - l + 116 = -83*g. What is the remainder when 936 is divided by g?
34
Let i be 12/10*110/44 + -5. Let h(y) = 7*y**2 + 17*y + 29. Let s(w) = -w + 12. What is the remainder when h(i) is divided by s(0)?
11
Let i = -419 - 148. Calculate the remainder when 59 is divided by (-4)/6*(6 + i/18).
8
Suppose 6*c - 12*c - 126 = 0. What is the remainder when 0 - (c/6)/(3/18) is divided by 12?
9
Let k = -113 - -116. Let t be 22/k - (-5)/(-15). Let f = 11 + t. Calculate the remainder when 51 is divided by f.
15
Let g = 156 - 163. Let s(f) = -f**3 + 3*f**2 + 10*f + 16. Calculate the remainder when s(g) is divided by 73.
71
Suppose 30*m - 26*m - 3*a = 294, -a = 5*m - 358. Let s be (0 + 2)/((-8)/(-12)). Suppose -72 = -3*r + s. What is the remainder when m is divided by r?
22
Let o(l) = l**2 + 36*l + 319. What is the remainder when o(-11) is divided by 11?
0
Let h = 2680 + -2501. What is the remainder when 1989 is divided by h?
20
Let j = -21219 - -21236. Calculate the remainder when 2 - (-129 + 6/(-3)) is divided by j.
14
Suppose 53*u = 59*u - 258. What is the remainder when 470 is divided by u?
40
Let u be (-420)/18*42 - (0 - 5). Let x = u - -1611. What is the remainder when x is divided by 20?
16
Let j(x) = -3*x**2 - 47*x - 167. Let k(a) = a**2 + 16*a + 55. Let g(d) = 2*j(d) + 7*k(d). What is the remainder when 29 is divided by g(-15)?
5
Let g = 2 + 9. Let d(s) = s**3 + 31*s**2 - 62*s + 82. Let a be d(-33). Calculate the remainder when (-54)/(-5)*a/(-15) is divided by g.
3
Let x(b) = 46*b**3 - 3*b**2 + b - 52. What is the remainder when x(4) is divided by 62?
58
Suppose -2*w + 48 = 32. Suppose -k = 3*a - w - 8, -4 = 2*k. Calculate the remainder when (-4 - 57)/((-3)/a) is divided by 25.
22
Suppose 2*d - 49 = -45, 3*q + 3*d = 1035. What is the remainder when 695 is divided by q?
9
Let r(f) = -6*f + 1027. What is the remainder when r(-28) is divided by 75?
70
Let p(s) = -13 + 3*s + 3*s - 5*s + 2. Let j be p(-5). Calculate the remainder when 67 is divided by -5 - -3 - -4 - (j - 1).
10
Suppose 145*d = 1401 + 1934. Let k = 207 + -98. Calculate the remainder when k is divided by d.
17
Suppose 0 = -3*i + 91 + 182. Let o(n) = -n + 24. Let q = -48 + 25. What is the remainder when i is divided by o(q)?
44
Suppose 5*b - 3652 = -3*c, 62*c - 3*b = 64*c - 2433. Calculate the remainder when c is divided